 factors of m.
2, 8221
Let p(j) = -j**2 + 16*j + 5. Let s be p(16). Suppose 23 = s*i - 3*h, 0 = -3*i - 2*h - 4 + 14. Suppose 275 = i*d + 63. List the prime factors of d.
53
Let n(j) = -j**3 + 12*j**2 - 14*j + 9. Let l be n(11). Let q = l + 28. Suppose 2*w - 210 = -q*w. What are the prime factors of w?
5, 7
Let n be (1/(-1))/((-7)/42). List the prime factors of ((-4)/n)/((-58)/46371).
13, 41
Let q = 482 - 747. Let d = q - -807. List the prime factors of d.
2, 271
Let o(a) = a**2 + 3*a - 1. Suppose -4*i + 41 = 37. Let q be o(i). Suppose q*j - 146 - 115 = 0. What are the prime factors of j?
3, 29
Let w = 41 - 44. Let a = 5 + w. Suppose 2*u - 3*c - 139 = 0, 5*u + 0*c = -a*c + 338. List the prime factors of u.
2, 17
Let f = 184 - 19. Let n = f - -59. List the prime factors of (n/10)/4 + (-10)/(-25).
2, 3
Let s = -3 - 338. Let t = 509 + s. List the prime factors of t.
2, 3, 7
Suppose 2*u + 2*c - 8 = 0, -u + 7 = 5*c - 1. Suppose u*l - d = 59, l = 4*d + 35 + 3. What are the prime factors of l?
2, 3
Let n(b) = -b**3 - 4*b**2 - 3*b - 11. Let v = -32 - -34. Let z be (-6)/v + 2 - 7. List the prime factors of n(z).
269
Let o = -10366 + 14768. What are the prime factors of o?
2, 31, 71
Let u = -17938 - -47851. What are the prime factors of u?
3, 13, 59
Let p be 5181/(-11) - 6/2. What are the prime factors of -18 + 17 + p/(-2)?
2, 59
Let f = 35245 - 13117. What are the prime factors of f?
2, 3, 461
Let g(a) = -a**3 - a**2 + a - 275. Let h(o) = -o**2 + o. Let x be h(0). Let b be g(x). Let v = b - -409. List the prime factors of v.
2, 67
Suppose s + 3*s = -12. Let q be 1 - 8/12*s. Suppose -q*h = -15, -170 = -5*v - h + 3*h. What are the prime factors of v?
2, 3
Let q be (-68)/(((-2)/524)/((-9)/(-18))). List the prime factors of 128/576 - q/(-9).
2, 3, 5, 11
Let d(b) = 3*b - 14. Let w be d(6). Suppose 17*x - 48 = -14. Suppose y = 5*y - 4*i - 616, 290 = x*y + w*i. What are the prime factors of y?
151
Let o(c) = 7*c - 11. Let j be (1 - 4/(-12))/((-2)/(-33)). Let t = 27 - j. What are the prime factors of o(t)?
2, 3
Let o(y) be the second derivative of 4*y**3 + 1805*y**2/2 + 199*y. What are the prime factors of o(0)?
5, 19
Let m = 41694 - 11976. List the prime factors of m.
2, 3, 13, 127
List the prime factors of 172722/154 - 20/(-14).
1123
Let s be 0 - -3 - (4 + -5). Suppose l = s*f - 907, -107 = -f + l + 116. List the prime factors of f.
2, 3, 19
What are the prime factors of (6672 - (4 + (11 + -7)/4))*6?
2, 3, 59, 113
Suppose 2*d = -2*d + 1352. Let f(v) = -v**3 + 16*v**2 + 58*v + 213. Let x be f(20). Let u = x + d. What are the prime factors of u?
3, 37
Suppose 0 = -22*x + 342 + 648. Let g be 1/4 + 101/(-4). Let q = g + x. List the prime factors of q.
2, 5
Suppose -742 = -26*r + 1364. List the prime factors of r.
3
Suppose 4*l - i - 2202 = 0, 0 = -16*l + 20*l - 2*i - 2196. List the prime factors of l.
2, 3, 23
Let y(n) = -n**3 + 9*n - 2. Let h be y(3). List the prime factors of 145 - (7 - 10/(h/(-1))).
11, 13
What are the prime factors of 12365892/540 - (-12)/(-15)?
3, 17, 449
Suppose 0 = 50*n - 55664 - 6386. What are the prime factors of n?
17, 73
Let r(x) = -3975*x + 8303. List the prime factors of r(-9).
2, 22039
Let o(z) = 7*z**2 + 36*z**3 + 0*z + 9*z**3 + 11*z - 2*z**2. Let y(x) = -9*x**3 - x**2 - 2*x. Let k(i) = -2*o(i) - 11*y(i). What are the prime factors of k(3)?
2, 3, 7
Suppose -10 + 40 = -5*x, -2*r - 4*x = -8340. List the prime factors of r.
2, 3, 17, 41
Let k = 145 - 142. Suppose -k*z + 23 - 23 = 0. Suppose -22*i + 20*i + 196 = z. List the prime factors of i.
2, 7
Let n = 28300 + 11946. What are the prime factors of n?
2, 20123
Let s(q) = 95*q**2 + 8*q - 825. What are the prime factors of s(-23)?
2, 24623
Suppose -2*q - 3*q - 125 = 0. Let v(s) = 3*s**3 - 23*s**2 + 43*s - 5. Let d be v(5). Let k = d - q. What are the prime factors of k?
5, 7
Let y(b) = 6*b**3 + 14 + 339*b**2 - 5 - 346*b**2. List the prime factors of y(4).
281
Suppose 3*n + 49 = -8. Let w = n + 37. What are the prime factors of (-69)/(2/48 + w/(-48))?
3, 23
Suppose 9*u - 5599 = 44216. Suppose -7275 - u = -14*p. List the prime factors of p.
3, 5, 61
Let v be (-6 - (-48)/(-15))*(-10)/4. Suppose v*x = 8*x + 9975. What are the prime factors of x?
5, 7, 19
Suppose d + 2 = 6. Suppose s = -d*s. Suppose s = -2*c - 5*c + 336. List the prime factors of c.
2, 3
Suppose j + 4*p - 8411 = 0, -2*j + j + 8429 = -5*p. List the prime factors of j.
8419
Let u(p) = -2194*p + 187. What are the prime factors of u(-2)?
3, 5, 61
Suppose 46760 + 52085 = 23*d + 33548. List the prime factors of d.
17, 167
Suppose -275 + 817 = -4*c - y, -3*c + 3*y - 414 = 0. Suppose 0 = a - 2*l - 210, 4*a - 192 - 648 = -4*l. Let m = a + c. List the prime factors of m.
2, 37
Let b(q) = -68*q + 3. Suppose -12*d + 4*d + 72 = 0. Suppose g - d*g = 16. What are the prime factors of b(g)?
139
Suppose -84 = 3*p - 36. List the prime factors of 847 + (-6 - p) + -4.
853
Let w(i) = 1181*i**3 + i**2 - 3*i + 2. Let u be w(1). Suppose 5*k - u = -131. Suppose 5*h - k = 3*h. List the prime factors of h.
3, 5, 7
Let q = 7 - 0. Let g(s) = s + 42. Let k be g(q). Suppose k*l = 45*l + 168. What are the prime factors of l?
2, 3, 7
Suppose -g - 34 = 3*l, l = -2*l + 5*g - 64. Let f = l + 5. Let o(j) = j**2 - 3*j - 6. List the prime factors of o(f).
2, 41
Let k(n) = -35 - 14 - 162*n + 155*n. Let r = 38 - 61. List the prime factors of k(r).
2, 7
Let l = 21577 + -21574. Let x(p) = 7*p**3 + 7*p**2 - 8*p + 5. Let r be x(5). Suppose -5*d + l*i + r = 8*i, 2*d = -i + 409. What are the prime factors of d?
2, 103
Let v(l) = 422*l**3 - l**2 - 18*l + 50. List the prime factors of v(3).
19, 599
Suppose -5*o = -4*v + 18, 3 = 2*v + 5*o + 9. Suppose -2*p - 949 = -s - 4*p, v*p = -4*s + 3796. List the prime factors of s.
13, 73
Let i(f) = -5507*f - 7335. List the prime factors of i(-5).
2, 5, 101
Let m be 2 + 10/8 + (-7)/28. Suppose q = 5*w - 14, -2*q + m*w = -0*q + 7. What are the prime factors of 1/((-4)/(-40)*q) + -3?
7
Suppose j - 3*k = -8*k + 30, -5*j = -2*k - 42. List the prime factors of -4 - (j/(-115) + (-118212)/92).
3, 7, 61
Let u = 502 + -492. Suppose -9*b - 1 = -u*b, 5*r + 5*b = 2515. List the prime factors of r.
2, 251
Let b(w) = -5343*w - 8. Let m be b(-1). Suppose p + 4*p = -3*z + m, 0 = 4*z - 20. What are the prime factors of p?
2, 7, 19
Suppose 191792 = 4*z - g, 5*g - 143831 = -3*z + 9*g. List the prime factors of z.
3, 11, 1453
Suppose 14*n - 120 = 8*n. Suppose 2*s - 40 = 5*k - s, 3*k - s + n = 0. Let u(p) = -16*p - 16. List the prime factors of u(k).
2
Let f(a) = -a + 25. Let n be f(19). What are the prime factors of 252 - (-1 + n + -11)?
2, 3, 43
Let g be 125 - ((-2)/4*0 + 4). Suppose 3*p - g = 284. Suppose -136*j + p*j = -289. What are the prime factors of j?
17
Let v(g) = -g**2 - 61*g + 1816. What are the prime factors of v(-52)?
2, 571
Suppose 5*h - 3*w + 20391 = 6*h, -20393 = -h - 4*w. What are the prime factors of h/81 + (-2 - (-7)/3)?
2, 3, 7
Let w = 33352 + -16922. List the prime factors of w.
2, 5, 31, 53
Suppose 3*r - 13 = -28. Let n(x) = 2*x**3 + 18*x**2 - x - 17. Let a(m) = -m**3 - 9*m**2 + 8. Let c(s) = 5*a(s) + 3*n(s). What are the prime factors of c(r)?
2, 13
Let u(g) = 8*g + 3. Let r be u(0). Suppose 0*h + 0*h = -r*h. Suppose -2*j - 2*j + 420 = h. List the prime factors of j.
3, 5, 7
Suppose -25 = -4*j + 31. Suppose 0 = -y + 19 + j. Suppose -5 = -2*c + y. What are the prime factors of c?
19
Let v(f) = -62*f**2 - 3*f + 2. Let g be v(1). Let w = -63 - g. What are the prime factors of (2 + w)*(-2630)/(-20)?
263
Let g(q) = 108*q + 29. Let p(v) = 55*v + 14. Let u(f) = 2*g(f) - 5*p(f). List the prime factors of u(-5).
283
Suppose -4*p - 2*m + 24 = 2*m, 0 = -3*m - 3. Suppose n = p*n + 6. What are the prime factors of ((-141)/(-4))/(n/(32/(-12)))?
2, 47
Suppose -15 = -x + 4*u, 3*u + 17 = -x + 4. Let d be 2 - (x - -3) - (-2 - -6). List the prime factors of d - ((4 + -2 - -2) + -210).
2, 101
Suppose -2*o - 4*c = -22, 9*o + 5*c = 4*o + 35. Suppose -108 = -3*a - 4*w, 62 + 27 = 2*a - o*w. Suppose 29 = m - a. List the prime factors of m.
3, 23
Suppose 2*f - 3971 = -l - 741, 3*f + 9663 = 3*l. List the prime factors of (9/6)/(-2*(-6)/l).
13, 31
Let w = -1934 + 1016. Let y = -223 - w. List the prime factors of y.
5, 139
Suppose -43*x = -32952 - 24653